1 + 2. Let u be -1*(3 + (z - 3)). Calculate the remainder when (-4)/(2 + u + 0) is divided by 2.
0
Suppose 0 = 3*l + l - 504. Suppose l = 5*p - 149. Suppose 4*t - 29 = p. Calculate the remainder when t is divided by 11.
10
Let h = 4 - 5. Let g = h + 6. Suppose z - 3 = 0, 2*v + 0*z = 3*z - 5. What is the remainder when g is divided by v?
1
Let w(d) = d**3 - 5*d**2 + 4*d + 4. What is the remainder when 6 is divided by w(4)?
2
Suppose -p + 34 = 5*s, 4*s + 5*p = 6*s + 8. What is the remainder when 22 is divided by s?
4
Let a = -146 + 79. Let f = 109 + a. Let q(i) = -i**3 - 5*i**2 + i - 8. What is the remainder when f is divided by q(-6)?
20
Suppose -4*p = -50 + 222. Let x = -25 - p. What is the remainder when 34 is divided by x?
16
Suppose 5*o - 2*o = 0. Suppose -4*l + 2*l + 6 = o. Suppose -26 = -2*y + 6*t - 2*t, 0 = l*y - t - 49. Calculate the remainder when 50 is divided by y.
16
Calculate the remainder when 6 is divided by (2/(-6))/(3/(-18)).
0
Suppose i - 5*o - 4 = 0, -3*o - 61 = -5*i + 25. Calculate the remainder when i is divided by 11.
8
Suppose -3*c + 4*r + 12 + 12 = 0, -40 = -5*c + 5*r. Calculate the remainder when (-55)/(-2)*(-4)/(-5) is divided by c.
6
Suppose -l + 5*l + 16 = 0, 3*l = -5*t + 13. Suppose 2*w - t*w = 99. What is the remainder when 46 is divided by w/(-2) - 4/8?
14
Let b be -3 + 12 + (1 - -2). Let l = -5 + b. Suppose 0 = 5*n - l*n + 112. Calculate the remainder when n is divided by 19.
18
Suppose k - 69 = -4*p, 0*k = 4*p + 2*k - 74. What is the remainder when 79 is divided by p?
15
Suppose -1086 = -14*v + 188. What is the remainder when v is divided by (23/(-3))/((-1)/3)?
22
Let p = 13 + -8. Suppose -x - 48 = -p*x. Calculate the remainder when (-22 - (5 - 4))*-1 is divided by x.
11
Let j = -3 + -8. Let g = 9 + j. Let w = g + 7. What is the remainder when 13 is divided by w?
3
Suppose 3*x + 2*s - 429 = 0, 4*x - 6*s + 3*s - 589 = 0. Let n = x + -99. Calculate the remainder when n is divided by 12.
10
Suppose 3*r + 0 = 12. Suppose r*f = 11 - 3. What is the remainder when 4/(-6) + 20/3 is divided by f?
0
Let x = 8 + -8. Suppose -4*u + 25 = 5*l, x*l - 4*u - 5 = -l. Calculate the remainder when l is divided by 3 + 1 + (-1)/1.
2
Suppose -3*k + 2*n = 4*n - 9, 5*k = 5*n + 15. Suppose -k*d - 2*v = -78, 0 = -3*d - v - 4*v + 69. Calculate the remainder when 81 is divided by d.
25
Suppose -114 = -4*d + 2*d. What is the remainder when d is divided by 15?
12
Let i = 66 + -30. Calculate the remainder when 142 is divided by i.
34
Let o = 17 + -9. Let k(y) = 13*y - 3. What is the remainder when k(2) is divided by o?
7
Let h = 22 - 11. Let f be (-6)/(-4) - 37/(-2). Let o = -14 + f. Calculate the remainder when h is divided by o.
5
Suppose -4*l + 54 + 14 = 0. Let j = -71 - -136. Calculate the remainder when j is divided by l.
14
Suppose -15 = q + h - 44, 4*q = -3*h + 114. Calculate the remainder when 78 is divided by q.
24
Suppose 2*d = -d + 4*p + 23, 3*d + 3*p - 9 = 0. What is the remainder when 25 is divided by d?
0
Let y(f) = 3*f + 2 + 0*f - 2*f. Let r be y(-5). Let a = 17 - r. Calculate the remainder when a is divided by 7.
6
Suppose -5*d = -3*z - 140 - 40, -5*d + 4*z = -185. Calculate the remainder when d is divided by 9.
6
Calculate the remainder when ((-25)/30 + (-1)/(-2))*-213 is divided by 18.
17
Let w(t) = 5*t**2 + 5*t - 3. Let h be w(3). Let d = -40 + h. Calculate the remainder when 65 is divided by d.
14
Let r be 0/(3/(6/4)). Let q = -2 - r. What is the remainder when (-27 + 4)/(2/q) is divided by 12?
11
Calculate the remainder when (2/(-8))/(7/(-1624)*2) is divided by 8.
5
Suppose -3*z = 2*z + 10. Let i be (1*(z - -1))/1. Calculate the remainder when 10 is divided by (0 + i)/((-7)/42).
4
Suppose -4 = -6*c + 3*c + u, 4*u - 8 = 0. Suppose 0 = i + 3, c*v + v = -2*i - 6. Let t(d) = d**3 - d + 8. What is the remainder when 22 is divided by t(v)?
6
Let i(c) = c**3 - 6*c**2 + 6*c + 3. Calculate the remainder when 23 is divided by i(5).
7
Suppose 4*k = -k + d + 33, -2*k + 3*d + 8 = 0. Suppose -s = -b - k, b - 33 = -3*s - 2*b. What is the remainder when 24 is divided by s?
6
Let q = 64 - 45. What is the remainder when 54 is divided by q?
16
Let j be (324/42)/(3/14). Calculate the remainder when 6/j - (-478)/12 is divided by 14.
12
Let n be 12/(1*(3 - 1)). Let v(w) = w**2 - 4*w + 5. Calculate the remainder when 65 is divided by v(n).
14
Let u(c) be the first derivative of c**4/4 - 3*c**3 + 2*c - 2. Let h be u(9). Suppose -4*v + h*v = -4. What is the remainder when 4 is divided by v?
0
Suppose f + 221 = 2*r, 4*r + f + 114 = 541. Suppose -28 = -4*i - r. Let u = i + 37. Calculate the remainder when 32 is divided by u.
15
Suppose -2*q + 38 - 2 = 0. Calculate the remainder when 68 is divided by q.
14
What is the remainder when (26/(-4))/((-2)/4) is divided by -3 + (-1 - -2 - -7)?
3
Suppose -340 = -4*w - 80. Calculate the remainder when w is divided by 23.
19
Suppose -10*t + 52 = -6*t. What is the remainder when 63 is divided by t?
11
Let q(a) = 7*a**2 + 6*a + 3. Let o(v) = 8*v**2 + 7*v + 3. Let m(g) = -4*o(g) + 5*q(g). Calculate the remainder when m(4) is divided by 20.
19
Suppose -3*u + 23 = 4*c, -3*u + 32 = -4*c - c. What is the remainder when (18/6)/((-3)/(-15)) is divided by u?
6
Suppose -d - 4*r - 71 = -2*d, -2*d + r = -121. Calculate the remainder when d is divided by 21.
17
Let r(w) = 2*w**2 - 8*w + 5. Let s be r(6). Let i = s - 13. What is the remainder when 45 is divided by i?
13
Suppose -3*a - 5*m = 194, -5*a - 60 = m + 300. Calculate the remainder when a/(-3) - (-2)/(-6) is divided by 9.
6
Suppose z - 2*n = 5, 3*z = -2*z + 5*n + 25. Calculate the remainder when (-4)/(-18) - (-620)/(-45)*-1 is divided by z.
4
Suppose 5*q = -3*i + 15 + 54, 6 = -3*i. What is the remainder when 43 is divided by q?
13
Let d(b) = -b**3 + 7*b**2 - 6*b + 2. Let y be d(6). Suppose 0 = -y*u + 11 + 5. Let z(g) = -3*g**3 - 3*g - 1. What is the remainder when z(-2) is divided by u?
5
What is the remainder when 133 is divided by (-3318)/(-98) - (-2)/14?
31
Suppose -4*f - 2 = -q + 9, 0 = -5*q - 4*f + 31. Suppose 4*a = 5*a - 2. What is the remainder when q is divided by a?
1
Suppose 4*x = -32 + 108. Suppose -2*b + 4*b = 14. What is the remainder when x is divided by b?
5
Suppose -4*i + 49 = q, 70 = 5*i + 2*q + q. What is the remainder when 53 is divided by i?
9
Suppose 0 = -15*c + 20*c - 35. Calculate the remainder when 89 is divided by c.
5
Suppose -z + 12 + 3 = -3*k, 5*z + 21 = -k. Calculate the remainder when 62 is divided by (-14)/20*k*5.
20
Suppose 5*o - 16 - 43 = -4*r, 5*r - 100 = -o. Calculate the remainder when 33 is divided by r.
12
Let o = 17 + -10. What is the remainder when 13 is divided by o?
6
Let z = 49 + -23. What is the remainder when z is divided by 7?
5
Suppose 2*y + 0*y - 94 = 0. Suppose -l - 4*c - 2 = 0, 0*c - c = 5*l - y. Let g = -87 - -91. Calculate the remainder when l is divided by g.
2
Let z(r) be the second derivative of -r**4/12 - 7*r**3/6 + r**2/2 + 6*r. What is the remainder when z(-3) is divided by 5?
3
Let l(k) = 16*k**2 + 2*k + 1. Let d be l(-1). Let n = 30 + -15. Calculate the remainder when (-3)/(-2)*430/d is divided by n.
13
Suppose 3*q = -4*s + 75, -2*s + 4*s - 15 = 3*q. What is the remainder when (2/(-1))/((-4)/86) is divided by s?
13
Let z = -64 - -34. Calculate the remainder when (-3)/6 + (-47)/(-2) is divided by (36/10)/((-9)/z).
11
Let o be (-3)/2*(-4 - -2). Suppose -g - 18 = -o*g. Let x = g + -2. What is the remainder when x is divided by 4?
3
Calculate the remainder when 56 is divided by (2 - 3)*(-1 - 28).
27
Let h(w) = -w**2 - 17*w - 15. What is the remainder when 26 is divided by h(-15)?
11
Let n(s) = s**3 + 4*s**2 - s + 1. Let l be n(-4). Let c = l + -11. What is the remainder when (87/c)/((-3)/6) is divided by 10?
9
What is the remainder when 94 is divided by (-4 - 60/(-16)) + 129/4?
30
Let k = 4 + 2. Let d = 16 - k. Suppose 2*a + 19 = -5*b, 2*a - 22 = 3*a + 5*b. Calculate the remainder when d is divided by a.
1
Suppose -4*k + 33 = -31. Let q = k - 7. Calculate the remainder when 16 is divided by q.
7
Suppose -p + 14 = 3*y, -12 = -y - 4*p - 0*p. What is the remainder when y is divided by 3?
1
Let v(c) = -7*c - 1. Calculate the remainder when v(-1) is divided by 4.
2
Let b(p) = 7*p + 4. What is the remainder when 5